96)/(-2) - (72 + -85)?
2
Let k = 437 + 328. Suppose 5*l - k = -5*n, 183 + 129 = 2*n + 5*l. What is the units digit of n?
1
Let m be ((-12)/9)/(-1 - 52/(-60)). Let y(l) = -l**3 + 17*l**2 - 22*l - 8. What is the hundreds digit of y(m)?
4
Suppose 2*w + 5195 = 3*c, -c = -7*w + 3*w - 1725. What is the hundreds digit of c?
7
Let w(t) = -3405*t - 1104. What is the tens digit of w(-9)?
4
Let r = 141 + -358. What is the units digit of 5 + r/42 + 3217/6?
6
Suppose 9 = -5*i + 6*i. Suppose i*n = 10*n. Suppose -7*y + 142 + 89 = n. What is the tens digit of y?
3
Let v be -1*3 - (-20 - -17). Let i be v + 3 + -1 + 1. Suppose 0 = r + 2*c - 174 + 38, -i*r - c + 403 = 0. What is the units digit of r?
4
Let o(u) = 23*u**2 + 15*u + 15. Let z be o(-6). Let l = z - 507. What is the tens digit of l?
4
Suppose -4*u - 21 = -5*d, -5 = 3*d + 3*u - 23. Suppose -2*t + d*t = 321. What is the units digit of t?
7
Suppose p - 5*o - 172 = 0, o + 500 = 3*p + 2*o. Let j = -97 + p. Let u = -4 + j. What is the units digit of u?
6
What is the tens digit of 394 - (((-320)/48 - -6) + (-19)/3)?
0
Suppose -12 = 8*f - 11*f. What is the hundreds digit of (10/f + 3)/(1/20)?
1
Let d(l) = 282*l**2 - 19*l - 19. What is the units digit of d(5)?
6
Let t(a) = -a**3 + 8*a**2 + 5*a - 3. Let g be t(7). Suppose -4*p + 13*p - g = 0. Let k(z) = -z**3 + 9*z**2 + z + 13. What is the units digit of k(p)?
2
Let z be (21 - 25)*(-138)/4. Let i = -18 + z. What is the units digit of i?
0
Let s(o) = 15*o + 7. Let g be s(-5). What is the tens digit of 0 + 885 - g/(-34)?
8
Let w be (-2 + 3)*(-2 + 206 + 4). Let b = 54 + w. What is the hundreds digit of b?
2
What is the tens digit of 304/(-19) + 11 - -10842?
3
Let q = 1979 + -252. What is the hundreds digit of q?
7
Let c = -60139 + 103009. What is the hundreds digit of c?
8
Suppose -10*q + 5356 = -6944. Let b = q + -867. What is the units digit of b?
3
Let q(g) = g**3 - g**2 - 3*g - 1. Let t be q(3). Suppose -3*b - 2*v - 128 = 0, -5*v + 126 = -3*b - t*v. What is the units digit of -3*b/(-24)*(-5 + -3)?
4
Let c be 76/304 + 3070/8. Let f be ((-8)/(-5))/(4/10). What is the units digit of c/40*2/f*20?
6
Let s = 373 + -501. Let x = 589 + s. What is the tens digit of x?
6
Let d be 6/((2 + -1)*1*2). Let f(p) = 10*p**2 - 2*p + 1. What is the units digit of f(d)?
5
Let x(b) = -b**2 - 6*b - 6. Let f be x(-4). Suppose f*g - 2863 = -l, l - 5*l - 1445 = -g. What is the hundreds digit of g?
4
Suppose 0 = -0*t + 7*t - 8596. Let d = 1775 - t. Suppose -6*a + d = -653. What is the hundreds digit of a?
2
Suppose -12*x - 1343 = 8293. Let g = x + 1018. What is the tens digit of g?
1
Let i(j) = -27*j + 2*j + 14*j. Let k be i(-7). Suppose -211 = -8*y + k. What is the tens digit of y?
3
Let t = 45 - 63. Let m = -39 - t. What is the tens digit of (-16)/6*m/4?
1
Suppose -11*r = 4*j - 12*r + 1367, -4*j - 1364 = -4*r. Let n = -144 - j. What is the hundreds digit of n?
1
Let v(x) = -3*x - 11. Let t be v(-4). Suppose 0*q + 2*j = q - t, -4*q = -5*j - 7. What is the units digit of (-3)/3 + q*(-6)/(-9)?
1
Suppose -m + 3 = -3. Suppose -m = b - n, -b = -3*n + 4*n - 4. What is the hundreds digit of (57/(-6))/(b/14)?
1
Let v = 40 - 20. Let k = v + -5. Suppose 3*y + k = 45. What is the units digit of y?
0
Suppose 11*q - 973 = -4141. Let t be ((-63732)/(-44))/3 - (-10)/55. Let i = q + t. What is the hundreds digit of i?
1
Let z be ((-164)/7)/((-115)/805). Let w(t) = 38*t. Let c be w(-3). Let f = z + c. What is the units digit of f?
0
Suppose 125*r - 120*r = 40. Suppose r*t - 7*t - 342 = 0. What is the units digit of t?
2
Let x = 201 + -403. Let y = 790 + x. What is the tens digit of y?
8
Suppose 1369*o - 1371*o - 972 = 0. Let x = -283 - o. What is the units digit of x?
3
Suppose -1 = h + 2*p, -9*p - 2 = -8*p. What is the hundreds digit of (38480/336 - (-1)/7)*h?
3
Suppose 0 = -i + 4*s + 9, 4*s + 0*s + 43 = 3*i. Suppose -i*n - 10*n = -2430. What is the tens digit of n?
9
Suppose 141*k - 71*k - 73*k = -39945. What is the tens digit of k?
1
Suppose 29*w = 30*w - 45. Let i be (-108)/w*10/(-4). What is the tens digit of ((-8)/i)/((85/330)/(-17))?
8
Let v = 46 + -76. Let r(s) = s**2 + 50*s + 189. Let g be r(-4). What is the tens digit of v*(-5 - g/(-3))?
0
Let y be (159/6 - 1)/(9/30). Let h = 611 - y. What is the units digit of h?
6
Suppose -d + 38 = 2*k, 3*k + 272 = 5*d + 69. Let m be (-8)/((-2 - -1)*1). Let u = d - m. What is the tens digit of u?
3
Suppose -4*s - n - 1500 - 1800 = 0, -n + 4 = 0. Let v = s + 1504. What is the units digit of v?
8
Suppose 0 = -6*i + 4*i + 4, 0 = -3*m - i + 935. Suppose 0 = -4*v - m + 1315. What is the units digit of v?
1
Suppose 250 = 3*m + 7. Suppose p - 401 = -m. What is the tens digit of p?
2
Let b be 10/45 - (33/27 - -2). Let t be 6 - ((-4)/b)/((-8)/(-12)). Suppose -581 = -t*m - 5*r, 0*m + 4*m + 4*r = 576. What is the tens digit of m?
3
Suppose 2*m + 20 = z + z, -3*z + 20 = 2*m. Let n(q) = 27*q + 29. What is the tens digit of n(z)?
4
What is the thousands digit of (43959/12)/((-35)/(-280))?
9
Suppose -2*a - a = c + 9, -4*a = -5*c + 50. Suppose 117 = -c*i - 9. Let y = 109 + i. What is the tens digit of y?
8
Suppose 55*r = 13*r + 2*r. Suppose -8*v - 7*v + 11790 = r. What is the tens digit of v?
8
Let t(c) = -c**2 + 21*c + 24. Let d be t(22). Suppose d = -81*j + 80*j. Let o = j + 172. What is the hundreds digit of o?
1
Let c(v) be the third derivative of 13/12*v**4 + 0*v - 3*v**3 + 0 + 25*v**2. What is the tens digit of c(6)?
3
Let n(f) = 12162*f - 51. What is the thousands digit of n(6)?
2
Suppose -7*p = -10*p. Suppose -4 = 4*i, -11 = -4*g - 0*i - 5*i. Suppose -3*h = -g*f - h + 470, f - 5*h - 140 = p. What is the units digit of f?
5
Suppose -17 - 27 = -11*x. Suppose 6*j + x*j = -2330. Let r = 328 + j. What is the tens digit of r?
9
Suppose -56*d = 14480 - 227168. What is the units digit of d?
8
Suppose 2*z = 6, -2*d = -5*z - 5120 - 829. What is the hundreds digit of d?
9
Let r = -230 + 223. Let v = r + 586. What is the tens digit of v?
7
Suppose -5*m - 568 = 3*x, -4*x + 4*m - 1145 + 345 = 0. Let n be -1 - (-10)/6 - x/(-42). Let k = 97 - n. What is the units digit of k?
1
Let h = 320 + -317. What is the tens digit of 13/(91/2170) - h?
0
Suppose 0 = 5*s - 5*l - 42640, 343*l = -3*s + 344*l + 25588. What is the units digit of s?
0
Let p = 1362 + -746. Let u be (-4)/18 + p/99. Suppose 2*h = u + 16. What is the tens digit of h?
1
Suppose -1161 = 3*d - 12*d. Suppose 0 = 5*i - 3*n - 735, 2*i + 3*n = 144 + d. What is the tens digit of i?
4
Let x be (2/4)/((-3)/(-5226)). Let h = x - -20. What is the hundreds digit of h?
8
What is the units digit of 98639/18 - (-196)/3528?
0
Suppose 6 = 4*z - 10. Suppose z*h = 6*h + 2*f - 12, 0 = 2*h - f - 12. What is the units digit of h*6*(-3 - (-95)/10)?
4
Let b(l) = -16*l**2 - 2*l - 131. Let c(m) = -3*m**2 - 26. Let g(t) = 2*b(t) - 11*c(t). What is the tens digit of g(7)?
4
Suppose 5*q + 3*g = 4801, -3*g = -5*q - g + 4816. What is the tens digit of q?
6
Let w(u) = -3*u + 79. Let g be w(33). What is the hundreds digit of ((-6570)/75)/(-3*(-2)/g)?
2
Suppose 6*m - 122 = -2. Let q = m + -15. Suppose -3*k - k = -q*y - 66, k = -3*y + 8. What is the units digit of k?
4
Let j(d) = 6*d - 41. Let z be j(7). Suppose 5 - z = 4*b. What is the tens digit of 83 + -4 + b + 5?
8
Let j be 1*21/14*8/6. What is the tens digit of j*169 + -15*(-8)/40?
4
Let h(u) = 2*u**3 - 18*u**2 - 8. Let v be h(7). Let s = 335 + v. Let b = s - 61. What is the units digit of b?
0
Let j = -15 + 18. Suppose -j*x = x - 496. What is the units digit of x?
4
Let n be (2/4)/((-12)/(-96)). Suppose -5*l - 15 = 0, 4*u - l - n*l - 1863 = 0. Suppose -5*p = -11*p + u. What is the units digit of p?
7
Let f(u) = -5*u - 49. Let k be (30/12 - 3)/(1/10). Let l be f(k). What is the tens digit of 4290/36 + 4/l?
1
Let q = 1899 - 5505. Let c = -1719 - q. What is the hundreds digit of c?
8
Suppose 5 = -22*g + 27*g. What is the hundreds digit of (g*-1 + 0)*83054/(-131)?
6
Let p be 384/(-24)*(-15)/4. Suppose 63*j = p*j + 537. Suppose -7*o + j = -514. What is the units digit of o?
9
Let d(z) = 21*z - 669. Let f be d(33). Let h = -46 - -26. Let a = f + h. What is the units digit of a?
4
Let u = 28753 + 854. What is the tens digit of u?
0
Let k = 1 + -5. Let a(t) = -4*t**3 + 8*t**2 - 13*t + 37. Let q(v) = v